{"id":1476,"date":"2019-04-27T18:13:55","date_gmt":"2019-04-27T18:13:55","guid":{"rendered":"http:\/\/souzef.com.br\/site\/?page_id=1476"},"modified":"2023-12-01T19:38:03","modified_gmt":"2023-12-01T19:38:03","slug":"empresa","status":"publish","type":"page","link":"https:\/\/souzef.com.br\/site\/empresa\/","title":{"rendered":"Empresa"},"content":{"rendered":"\n<style type=\"text\/css\" data-created_by=\"avia_inline_auto\" id=\"style-css-av-av_one_half-b18ec1635791c30194c2fc90ea77ba9c\">\n.flex_column.av-av_one_half-b18ec1635791c30194c2fc90ea77ba9c{\n-webkit-border-radius:0px 0px 0px 0px;\n-moz-border-radius:0px 0px 0px 0px;\nborder-radius:0px 0px 0px 0px;\npadding:0px 0px 0px 0px;\n}\n<\/style>\n<div class='flex_column av-av_one_half-b18ec1635791c30194c2fc90ea77ba9c av_one_half  avia-builder-el-0  el_before_av_one_half  avia-builder-el-first  first flex_column_div av-zero-column-padding '     ><style type=\"text\/css\" data-created_by=\"avia_inline_auto\" id=\"style-css-av-av_image-e8990e6597ba3f7baf75eddc8beb25e8\">\n.avia-image-container.av-av_image-e8990e6597ba3f7baf75eddc8beb25e8 img.avia_image{\nbox-shadow:none;\n}\n.avia-image-container.av-av_image-e8990e6597ba3f7baf75eddc8beb25e8 .av-image-caption-overlay-center{\ncolor:#ffffff;\n}\n<\/style>\n<div  class='avia-image-container av-av_image-e8990e6597ba3f7baf75eddc8beb25e8 av-styling- avia-align-center  avia-builder-el-1  avia-builder-el-no-sibling '   itemprop=\"image\" itemscope=\"itemscope\" itemtype=\"https:\/\/schema.org\/ImageObject\" ><div class=\"avia-image-container-inner\"><div class=\"avia-image-overlay-wrap\"><img class='wp-image-1739 avia-img-lazy-loading-not-1739 avia_image ' src='https:\/\/souzef.com.br\/site\/wp-content\/uploads\/2019\/04\/souzef-1-1030x995.jpg' alt='' title='souzef'  height=\"995\" width=\"1030\"  itemprop=\"thumbnailUrl\"  \/><\/div><\/div><\/div><\/div>\n<style type=\"text\/css\" data-created_by=\"avia_inline_auto\" id=\"style-css-av-av_one_half-531d5d4d3d3a74d4c56d8363993d8877\">\n.flex_column.av-av_one_half-531d5d4d3d3a74d4c56d8363993d8877{\n-webkit-border-radius:0px 0px 0px 0px;\n-moz-border-radius:0px 0px 0px 0px;\nborder-radius:0px 0px 0px 0px;\npadding:0px 0px 0px 0px;\n}\n<\/style>\n<div class='flex_column av-av_one_half-531d5d4d3d3a74d4c56d8363993d8877 av_one_half  avia-builder-el-2  el_after_av_one_half  el_before_av_one_full  flex_column_div av-zero-column-padding '     ><section  class='av_textblock_section av-av_textblock-396ddf1f42196ca838231e61a4602801'  itemscope=\"itemscope\" itemtype=\"https:\/\/schema.org\/CreativeWork\" ><div class='avia_textblock'  itemprop=\"text\" ><p style=\"text-align: justify;\"><strong>Come\u00e7ou em 1963, com AVELINO ZEFERINO NETO, trabalhando como vendedor na empresa JJ SILVANO (ELETRO RADIO LAR) de Jaguaruna, atuando em todo o sul de Santa Catarina. Viajava na \u00e9poca de lambreta e vendia eletrodom\u00e9sticos em geral.<\/strong><\/p>\n<p style=\"text-align: justify;\">Em 1968, j\u00e1 reconhecido na regi\u00e3o, foi contratado em 22\/04\/1968 pela empresa CARLOS HOEPECK S.A. Com\u00e9rcio e Ind\u00fastria, pela filial de Crici\u00fama. Viajando de Kombi, atuando no sul de Santa Catarina e agregando tamb\u00e9m o norte (Interior) do Rio Grande do Sul, vendendo ferramentas, motores el\u00e9tricos, parafusos (ferragens em geral) e eletrodom\u00e9sticos. Na \u00e9poca as dificuldades de locomo\u00e7\u00e3o eram muitas, afinal as estradas eram de ch\u00e3o batido ou de pedras e as pontes eram de madeiras.<\/p>\n<\/div><\/section><\/div><\/p>\n\n<style type=\"text\/css\" data-created_by=\"avia_inline_auto\" id=\"style-css-av-av_one_full-6126cab7d8fab8d08143dd2dacdf673c\">\n.flex_column.av-av_one_full-6126cab7d8fab8d08143dd2dacdf673c{\n-webkit-border-radius:0px 0px 0px 0px;\n-moz-border-radius:0px 0px 0px 0px;\nborder-radius:0px 0px 0px 0px;\npadding:0px 0px 0px 0px;\n}\n<\/style>\n<div class='flex_column av-av_one_full-6126cab7d8fab8d08143dd2dacdf673c av_one_full  avia-builder-el-4  el_after_av_one_half  avia-builder-el-last  first flex_column_div av-zero-column-padding column-top-margin'     ><section  class='av_textblock_section av-av_textblock-396ddf1f42196ca838231e61a4602801'  itemscope=\"itemscope\" itemtype=\"https:\/\/schema.org\/CreativeWork\" ><div class='avia_textblock'  itemprop=\"text\" ><p>Em 1973, recebeu a proposta de trabalhar na SICAL &#8211; Sider\u00fargica Catarinense Ltda, com sede em Crici\u00fama, SC onde come\u00e7ou em 14\/09\/1973, como representante comercial em todo o estado do Rio Grande do Sul. Na sua primeira viagem a Porto Alegre, n\u00e3o sabia nem para onde ir. N\u00e3o existia a FREEWAY, mas com muito trabalho e determina\u00e7\u00e3o, logo veio os clientes e o sucesso. Em seguida, come\u00e7ou a desenvolver toda a linha seriada da SICAL (Dentes e rodas para tratores). Em 1974 com o sucesso j\u00e1 alcan\u00e7ado no Rio Grande do Sul, o desafio aumentou e passou a atender tamb\u00e9m o estado de S\u00e3o Paulo. Em 1975, tamb\u00e9m come\u00e7ou a atender os estados do Rio de Janeiro e Minas Gerais. Em 1980, passou a atender tamb\u00e9m os estados do Esp\u00edrito Santo e todo o Nordeste at\u00e9 o Cear\u00e1. Em 1984, passou a atender tamb\u00e9m o estado de Goi\u00e1s. Com uma clientela e amigos, aumentando muito e quase sem tempo para a fam\u00edlia, 1986 parou de trabalhar no Rio de Janeiro e depois no nordeste.<\/p>\n<p>Em 01\/02\/1988, seu filho mais velho; JEFFERSON ZEFERINO, inicia na representa\u00e7\u00e3o junto ao seu Pai, e passa a atender o estado de Santa Catarina, tamb\u00e9m pela SICAL e agregando outras representadas como a PANEGOSSI, VELOZCOR, WHITE MARTINS SOLDAGEM entre outras. Em 01\/08\/1992, seu Pai deixa o estado de S\u00e3o Paulo e passa o estado do Rio Grande do Sul ao seu filho, que muda sua sede para Canoas e funda a SOUZEF Representa\u00e7\u00f5es Ltda e passa atender os estados do Rio Grande do Sul e Santa Catarina.<\/p>\n<p>Tamb\u00e9m em 1992, AVELINO ZEFERINO NETO, esposa e filho mais novo, se mudam para Belo Horizonte e continua a atender os estados de Minas Gerais e Goi\u00e1s pela SICAL. Posteriormente a filha; LEILA SILVA ZEFERINO TEZA e seu esposo, SANDRO TEZA se mudam para Belo Horizonte e come\u00e7am a trabalhar na representa\u00e7\u00e3o. Em 2007, passa a representa\u00e7\u00e3o da SICAL e outras como a PALMARES, HIDRODIN\u00c2MICA, passa para sua filha e genro, que continuam o trabalho nos estados de Minas Gerais e Goi\u00e1s.<\/p>\n<p>Em 2010, seu filho mais novo, EMERSON ZEFERINO, entra na representa\u00e7\u00e3o e passa a atender o norte de Minas Gerais, interior de S\u00e3o Paulo e parte de Goi\u00e1s.<\/p>\n<p>Com a continuidade da representa\u00e7\u00e3o, em 2012, seu neto mais velho, MURIALDO ZEFERINO TEZA, filho de Sandro e Leila, passa a trabalhar no escrit\u00f3rio de Belo Horizonte. No Sul em 2015, seu neto mais novo, JEFFERSON DE SOUZA ZEFERINO, filho de Jefferson e Rosinete, passa a trabalhar no escrit\u00f3rio de Canoas.<\/p>\n<p>Atualmente com 3 empresas de representa\u00e7\u00e3o, filhos e netos, continuam o trabalho de representa\u00e7\u00e3o, iniciado 1963, atendendo clientes com \u00c9TICA e RESPONSABILIDADE<\/p>\n<p>SOUZEF Representa\u00e7\u00f5es Ltda &#8211; (Jefferson Zeferino e Rosinete J.S. Zeferino) &#8211; Canoas &#8211; RS<\/p>\n<p>ZEFERINO Representa\u00e7\u00f5es Ltda &#8211; (Sandro Teza e Leila S. Zeferino Teza) &#8211; Belo Horizonte &#8211; MG<\/p>\n<p>ZEFERINO Representa\u00e7\u00f5es Comerciais Ltda &#8211; (Emerson Zeferino) &#8211; Belo Horizonte &#8211; MG<\/p>\n<\/div><\/section><\/div>\n","protected":false},"excerpt":{"rendered":"","protected":false},"author":1,"featured_media":0,"parent":0,"menu_order":0,"comment_status":"closed","ping_status":"closed","template":"","meta":{"footnotes":""},"class_list":["post-1476","page","type-page","status-publish","hentry"],"_links":{"self":[{"href":"https:\/\/souzef.com.br\/site\/wp-json\/wp\/v2\/pages\/1476","targetHints":{"allow":["GET"]}}],"collection":[{"href":"https:\/\/souzef.com.br\/site\/wp-json\/wp\/v2\/pages"}],"about":[{"href":"https:\/\/souzef.com.br\/site\/wp-json\/wp\/v2\/types\/page"}],"author":[{"embeddable":true,"href":"https:\/\/souzef.com.br\/site\/wp-json\/wp\/v2\/users\/1"}],"replies":[{"embeddable":true,"href":"https:\/\/souzef.com.br\/site\/wp-json\/wp\/v2\/comments?post=1476"}],"version-history":[{"count":18,"href":"https:\/\/souzef.com.br\/site\/wp-json\/wp\/v2\/pages\/1476\/revisions"}],"predecessor-version":[{"id":1738,"href":"https:\/\/souzef.com.br\/site\/wp-json\/wp\/v2\/pages\/1476\/revisions\/1738"}],"wp:attachment":[{"href":"https:\/\/souzef.com.br\/site\/wp-json\/wp\/v2\/media?parent=1476"}],"curies":[{"name":"wp","href":"https:\/\/api.w.org\/{rel}","templated":true}]}}